 - f. Let k(y) = -y - 8 - g*y + 10*y**2 - 4*y + y**3 - 5. What are the prime factors of k(-11)?
31
Suppose -13*b = -18*b + t + 275, 0 = 4*b + 4*t - 244. What are the prime factors of b?
2, 7
Suppose -44*n = -37*n - 8162. List the prime factors of n.
2, 11, 53
Suppose r - 3*r + 4*q + 52 = 0, -3*r + 82 = -4*q. Suppose -93 + r = -3*w. List the prime factors of w.
3, 7
Suppose -418 = -i - 5*k, 2*i - 10*k + 11*k - 881 = 0. List the prime factors of i.
443
What are the prime factors of (-9)/(27/(-26))*(-21)/(-7)?
2, 13
Let s be 1/4 + 2*25/(-8). Let o(x) = x**3 + 7*x**2 + 7*x + 8. List the prime factors of o(s).
2
Suppose -7798 + 37685 = 19*l. What are the prime factors of l?
11, 13
List the prime factors of ((-33068)/(-49) - 2)/(1/7).
2, 3, 5, 157
Suppose -4*a - 20 = -2*q, 0 = -3*q - a - 3*a - 10. Let i be -1 + (6/3)/q. Suppose -f + y + 21 = i, 4*f - 64 = 5*y + 16. List the prime factors of f.
5
Let x = 15 - 9. Let k be 3 - 0/(-3 + x). Suppose -12 - 8 = -2*y + k*r, 5*r + 24 = y. What are the prime factors of y?
2
Suppose -5*q - 93 = -6*q. Let d = q - 43. Suppose 2*o + 2*t = d, -2*o - 2*t - 2*t = -48. What are the prime factors of o?
2, 13
Let z = -183 + 365. List the prime factors of z.
2, 7, 13
Suppose 5028 = 4*z - 5*i - 740, 5*z - 7227 = 2*i. What are the prime factors of z?
1447
Suppose -20718 = 922*i - 931*i. What are the prime factors of i?
2, 1151
Let s(a) = 2*a + 13. Let c = 21 + -34. Let x be s(c). Let j(g) = -5*g - 12. What are the prime factors of j(x)?
53
Let i = 1005 + -154. List the prime factors of i.
23, 37
Suppose -5*k = -2*t + 46 + 37, 5*k = -2*t + 113. Suppose -3*f + 3 = 2*s - t, -8 = 2*s. What are the prime factors of (f/(-30))/(2/(-6))?
2
Suppose 0 = a - 2*m - 344, -3*a + 220 = -3*m - 800. Suppose 5*l - 4*b + 126 = a, -4*l + b + 179 = 0. List the prime factors of l.
2, 23
Suppose 0 = -2*g - 2, a - 2*g - 144 - 43 = 0. Let y = -123 + a. List the prime factors of y.
2, 31
Let g(k) = -20*k. Let p be g(-1). List the prime factors of 30/p + (-386)/(-4).
2, 7
List the prime factors of 6/(-2) + (-5208)/(-8).
2, 3
Let i be 1 + (-2 - 1) + 11. Suppose -4*r = -i*r - 360. Let h = r - -120. List the prime factors of h.
2, 3
Let k = 17 + -15. Suppose 5*z - 57 = -k. List the prime factors of z.
11
Let c(d) be the first derivative of 5*d**2/2 + 8*d - 85. Let k = -8 + 13. List the prime factors of c(k).
3, 11
Suppose -6*c + 803 = 179. What are the prime factors of c?
2, 13
Suppose 0 = -4*w + 3*w + 25. Let v = w + 5. List the prime factors of v.
2, 3, 5
Let b(s) = -s + 8. Let k be ((-14)/4*-4)/(-1). Let p be k/(-21) - 2/3. What are the prime factors of b(p)?
2
Suppose -5 = -5*b + 5. Suppose -2*p - 28 = -4*w, 2*w + b*p - 26 = -0*p. What are the prime factors of w?
3
Let h(q) = -q**2 - q + 24. Let t be h(-12). Let k be t/(-48)*4/3. Suppose -k*x = -120 - 18. List the prime factors of x.
2, 23
Suppose 0 = 2*q - 30 + 34. What are the prime factors of q/4 + 1 + (-181)/(-2)?
7, 13
Suppose 5*l = 5*z + 5, -3*l - 2 = -z - 9. Suppose g - 4*n - 18 = 0, -l*g + 31 - 4 = -3*n. List the prime factors of g.
2, 3
Suppose 4*i + 2*z = 474, -5*z - 750 + 195 = -5*i. Suppose -130 - i = -2*u. List the prime factors of u.
3, 41
Suppose 1016 = -11*n + 4415. What are the prime factors of n?
3, 103
Suppose 0 = -3*d + 311 + 19. Let a = -35 + d. What are the prime factors of a?
3, 5
What are the prime factors of (0 - -29)*(-14 + 17)?
3, 29
Suppose 5*x - 7540 = 3*w + 48, 0 = 3*x - w - 4556. List the prime factors of x.
2, 5, 19
Let v = 411 - 166. List the prime factors of v.
5, 7
Let q(y) = 45*y**3 - 2*y + 5. What are the prime factors of q(2)?
19
What are the prime factors of (-2012)/(((-34)/(-4))/(-17))?
2, 503
Let n(z) be the third derivative of 31*z**6/120 + 13*z**2. What are the prime factors of n(1)?
31
Let s = -16 - -19. Suppose -5 = -s*n + 1. Suppose 2*w - q - 60 = -2*q, 0 = -n*q - 4. What are the prime factors of w?
31
Suppose -12*r = -4*r - 4248. What are the prime factors of r?
3, 59
Let n(g) = 13*g**2 - 84. List the prime factors of n(12).
2, 3, 149
Let b = 839 + -213. List the prime factors of b.
2, 313
Suppose -1117 = -2*v - 3*g - 66, -3*v + 1596 = -2*g. What are the prime factors of v?
2, 5, 53
Suppose 3*y - 10 = 11. Suppose 0 = -y*i + 6*i + 150. List the prime factors of i.
2, 3, 5
Let d(i) = 5*i + 18. Let v(j) = -j + 3. Let g be v(-4). List the prime factors of d(g).
53
Let t(y) = 3*y + 10. Let h be t(-3). List the prime factors of 457/2 + h/(-4)*-2.
229
Suppose 182*m = 218*m - 138852. What are the prime factors of m?
7, 19, 29
Let w = 309 - -313. What are the prime factors of w?
2, 311
Let c(a) = a**2 - 4*a - 1. Let l be c(6). Let u = l - 23. What are the prime factors of ((-4)/u)/((-1)/(-57))?
19
Let j(q) = 99*q**3 + 9*q**2 - 8*q - 1. List the prime factors of j(1).
3, 11
Suppose 0 = 2*o + o - 12. Suppose 0*s + 8 = o*s. Suppose 2*f - 66 = -3*h + 7*f, s*f = 0. List the prime factors of h.
2, 11
Let o(q) = -5*q**3 + 2*q**2 - 3*q + 7. Let l be o(-5). Suppose 4*f - l = -169. Suppose 47*b - 50*b + f = 0. List the prime factors of b.
2, 11
Let x(w) = w**3 + 19*w**2 - 5*w + 2. What are the prime factors of x(-19)?
97
Suppose -3176 = 10*f - 9276. List the prime factors of f.
2, 5, 61
Suppose -3*u + 4*u = 3. Let i be (-2 + 0)/(u/(-6)). Suppose a - i*a = -183. What are the prime factors of a?
61
Let p(s) = 4*s**2 - 111*s + 61. List the prime factors of p(33).
2, 13, 29
Let n be ((-15)/(-10))/((-6)/(-1492)). Suppose s - 2*s - m + 94 = 0, 4*s - n = -m. What are the prime factors of s?
3, 31
Let b = 40 + -25. Let g be (b/(-12))/((-2)/8). Suppose 13 = g*s - 62. What are the prime factors of s?
3, 5
Suppose -2137 = -7*r + 3519. List the prime factors of r.
2, 101
Let q = -2945 - -6207. List the prime factors of q.
2, 7, 233
Suppose -h + 3*h = 4. Suppose h*f - t = f + 161, -f + 155 = t. List the prime factors of f.
2, 79
Let z = 719 + -269. List the prime factors of z.
2, 3, 5
Let o = 1584 + -1023. What are the prime factors of o?
3, 11, 17
What are the prime factors of (6/(-9))/(11/(41052/(-8)))?
311
Let u(s) = 9*s**2 + 38*s - 3. What are the prime factors of u(20)?
4357
Suppose -2*n + 4*o + 18 = -n, -4*n - 3*o = -15. Suppose 504 = -3*k + n*k. List the prime factors of k.
2, 3, 7
Let x = 3 + 4. Let b(g) = -g**2 + 5*g + 6. Let t(p) = p**2 - 4*p - 7. Let q(k) = 6*b(k) + 5*t(k). List the prime factors of q(x).
2, 11
Let y(q) be the third derivative of q**6/120 - q**5/10 + 5*q**4/12 - q**3/3 - 16*q**2. What are the prime factors of y(7)?
3, 13
Let n(s) = 2*s**3 - 5*s**2 + 5*s - 31. List the prime factors of n(7).
5, 89
Let u be 13*((-58)/2 - 4/(-1)). Let h = u + 627. List the prime factors of h.
2, 151
Suppose 0 = -4*k + 13 - 1. Let q = k + 12. Suppose -2*v - q = -7*v. List the prime factors of v.
3
Let y be (-2 - 3)*4/(-5). Suppose 0 = 9*l - y*l - 40. List the prime factors of (-10)/1*l/(-10).
2
List the prime factors of 178 + 0 + (-16)/((-80)/(-10)).
2, 11
Let c = 1598 - 587. List the prime factors of c.
3, 337
Suppose -20 = 4*k, -3 = c - 5*c - k. Let q = 4 - c. Suppose -q*g - 55 = -3*g. List the prime factors of g.
5, 11
Let l(n) = 163*n - 12. Let o(k) = -325*k + 23. Let j(g) = 5*l(g) + 3*o(g). List the prime factors of j(-1).
13
Let o = 507 + -242. Suppose -2*v = 10, 2*f - o = -5*v - 0*v. List the prime factors of f.
5, 29
What are the prime factors of 385 - (-9 - (2 - 4))?
2, 7
Suppose -y + 5*c = y - 14, -y + 13 = -4*c. Let u be (-7)/y - (-3)/(-9). List the prime factors of 20 - 12/(-8)*u.
23
List the prime factors of 198/11*(-18)/(-3).
2, 3
Let r be (-45)/6*(-2 + 8). Let u = 84 + r. What are the prime factors of u?
3, 13
Suppose -355 - 669 = -16*m. What are the prime factors of m?
2
Suppose -12637 = -3*l + 4*k, -55 = -k - 56. What are the prime factors of l?
4211
Let g(o) = -32 + 9*o - 23*o**2 - o**2 - 2*o**3 + 0*o**2 + 3*o**3. List the prime factors of g(24).
2, 23
Suppose -4*f + 5 = -t, -5*f + 5*t = 7 - 2. Suppose -5*a - 3*c = -3 - 111, -3*c + 51 = f*a. List the prime factors of a.
3, 7
Suppose 9*h - 12 = 11*h. Let k(c) = 0*c + 2 - 6*c - 7. What are the prime factors of k(h)?
31
Let i(g) = -g + 10. Let s be i(5). Suppose -s*m + 63 = -57. What are the prime factors of m?
2, 3
Suppose 0 = 21*a - 3*a - 8982. What are the prime factors of a?
499
Let r(d) = -5*d - 20. Su